{"id":4,"date":"2020-12-19T11:11:35","date_gmt":"2020-12-19T10:11:35","guid":{"rendered":"http:\/\/253675.w75.wedos.ws\/wordpress\/?page_id=2"},"modified":"2026-04-05T16:09:13","modified_gmt":"2026-04-05T14:09:13","slug":"zkusebni-stranka","status":"publish","type":"page","link":"https:\/\/jajsemja.cz\/wordpress\/?page_id=4","title":{"rendered":"V\u0161eobecn\u00e9 informace"},"content":{"rendered":"\n<p><strong>Pokyny k p\u0159ihl\u00e1\u0161en\u00ed na str\u00e1nky:<br><\/strong>K prvn\u00edmu p\u0159ihl\u00e1\u0161en\u00ed je nutno nejprve se zaregistrovat (volba <strong><a href=\"https:\/\/psin.cz\/?cz_registrace=\" target=\"_blank\" rel=\"noreferrer noopener\">Registrace<\/a><\/strong>); pro registrov\u00e1n\u00ed si zvol\u00edte heslo (kdy\u017e zapomenete, nic se ned\u011bje &#8211; syst\u00e9m v\u00e1m po\u0161le nov\u00e9, to si pak zase m\u016f\u017eete zm\u011bnit). Vz\u00e1p\u011bt\u00ed dostanete na svou e-mailovou adresu zpr\u00e1vu, na kterou jen kliknete a jste zaregistrov\u00e1ni.<br><br>\u00dadaje, kter\u00e9 p\u0159i registraci zad\u00e1te (v\u010detn\u011b hesla), m\u016f\u017eete kdykoliv zm\u011bnit kliknut\u00edm na \u010derven\u00e9 &#8222;nastaven\u00ed&#8220; vpravo naho\u0159e, kter\u00e9 se po registraci nebo p\u0159ihl\u00e1\u0161en\u00ed objev\u00ed.<br><br>P\u0159i jak\u00e9mkoliv dal\u0161\u00edm p\u0159ihla\u0161ov\u00e1n\u00ed na str\u00e1nky kliknete ji\u017e jen na &#8222;<strong><a href=\"https:\/\/psin.cz\/?cz_login=\" target=\"_blank\" rel=\"noreferrer noopener\">P\u0159ihl\u00e1sit<\/a><\/strong>&#8220; vpravo naho\u0159e a zad\u00e1te mail a heslo.<br><br>Registrace respektive p\u0159ihl\u00e1\u0161en\u00ed na str\u00e1nky v\u00e1m umo\u017en\u00ed p\u0159ihl\u00e1sit se na konkr\u00e9tn\u00ed kurz, poslat reflexi apod.<br><br>P\u0159\u00edpadnou \u017e\u00e1dost o odstran\u011bn\u00ed z datab\u00e1ze (z registrace) za\u0161lete pros\u00edm emailem A. K\u0159i\u0161\u0165anovi (adresa viz &#8222;Kontakt&#8220;)<br><br><strong>Pokyny k p\u0159ihl\u00e1\u0161en\u00ed na kurz:<br><\/strong>Jste-li zaregistrov\u00e1ni, resp. p\u0159ihl\u00e1\u0161eni na str\u00e1nky kliknete na &#8222;P\u0159ihl\u00e1sit na kurz&#8220; u konkr\u00e9tn\u00edho term\u00ednu v rubrice &#8222;<strong><a href=\"https:\/\/psin.cz\/?cz_kurzy=\" target=\"_blank\" rel=\"noreferrer noopener\">Kurzy<\/a><\/strong>&#8220; a jen odkliknete p\u0159ihl\u00e1\u0161ku. P\u0159i p\u0159ihl\u00e1\u0161en\u00ed na prvn\u00ed kurz napi\u0161te pros\u00edm do p\u0159\u00edslu\u0161n\u00e9 rubriky stru\u010dn\u00fd motiva\u010dn\u00ed dopis; v p\u0159\u00edpad\u011b \u017e\u00e1dosti o ubytov\u00e1n\u00ed na p\u0159edchoz\u00ed noc vypl\u0148te p\u0159ibli\u017enou dobu p\u0159\u00edjezdu.<br><br>Odesl\u00e1n\u00edm p\u0159ihl\u00e1\u0161ky souhlas\u00edte s t\u00edm, \u017ee Psin z.s. eviduje pro pot\u0159eby kurzu va\u0161e osobn\u00ed a kontaktn\u00ed \u00fadaje.<br><br>Jste-li p\u0159ihl\u00e1\u0161eni, dostanete zpravidla t\u00fdden p\u0159ed zah\u00e1jen\u00edm akce mail s podrobnostmi o p\u0159\u00edjezdu a pod.<br><br>Pot\u0159ebujete-li se z nal\u00e9hav\u00e9ho d\u016fvodu odhl\u00e1sit, oznamte to pros\u00edme e-mailem A. K\u0159i\u0161\u0165anovi (adresa viz &#8222;Kontakt&#8220;)<br><br><strong>Reflexe:<br><\/strong>Reflexe po akci zapisujte pros\u00edm do formul\u00e1\u0159e, kter\u00fd se v\u00e1m objev\u00ed u seznamu kurz\u016f po kliknut\u00ed na &#8222;nastaven\u00ed&#8220; vpravo naho\u0159e.<br><br><strong>Informace o vlastn\u00edch p\u0159ihl\u00e1\u0161k\u00e1ch:<br><\/strong>Po kliknut\u00ed na &#8222;nastaven\u00ed&#8220; vpravo naho\u0159e se v\u00e1m objev\u00ed kurzy na kter\u00fdch jste p\u0159ihl\u00e1\u0161eni.<br><br><strong>Obecn\u00e9 informace pro kurzy:<br><\/strong>M\u00edsto kon\u00e1n\u00ed a podrobnosti k ubytov\u00e1n\u00ed jsou uvedeny v\u017edy u konkr\u00e9tn\u00edho kurzu v &#8222;P\u0159ehledu kurz\u016f&#8220;.<br><br>Velikost skupiny: cca 20 \u00fa\u010dastn\u00edk\u016f<br><br><strong>V\u00edkendov\u00e9 kurzy:<br><\/strong>Za\u010d\u00ednaj\u00ed v sobotu v 8.00 hod (mo\u017enost objednat ubytov\u00e1n\u00ed ji\u017e na noc z p\u00e1tku). Pozd\u011bj\u0161\u00ed n\u00e1stup nen\u00ed akceptov\u00e1n. Program je organizov\u00e1n v bloc\u00edch\u00a0 (9 &#8211; 12 a 15 &#8211; 18\u00a0 a 19-21hod). Kon\u010d\u00ed se v ned\u011bli ve 12.00.<br>Doporu\u010duje se: voln\u00fd sportovn\u00ed od\u011bv, obuv a p\u0159ez\u016fvky. B\u011bhem sobotn\u00edho odpoledne je \u010das na sportovn\u00ed aktivity.<br><br>\u00da\u010dastnick\u00fd poplatek (nezahrnuje ubytov\u00e1n\u00ed a stravov\u00e1n\u00ed): 2 000,- K\u010d. Platit je mo\u017en\u00e9 p\u0159evodem na \u00fa\u010det (viz formul\u00e1\u0159 p\u0159ihl\u00e1\u0161ky), p\u0159\u00edpadn\u011b v hotovosti na kurzu; stornopoplatky v\u017edy p\u0159evodem.<br><br><strong>T\u00fddenn\u00ed kurz:<br><\/strong>5 dn\u00ed, za\u010d\u00e1tek v\u017edy prvn\u00ed den v 8.00, konec p\u00e1t\u00fd den ve 12.00; v\u011bt\u0161inou je mo\u017en\u00e9 objednat ji\u017e nocleh ze dne p\u0159edch\u00e1zej\u00edc\u00edho za\u010d\u00e1tku (pros\u00edme vyzna\u010dit). Vy\u017eadujeme spole\u010dn\u00e9 ubytov\u00e1n\u00ed pro v\u0161echny \u00b4\u00fa\u010dastn\u00edky a nen\u00ed mo\u017en\u00e9 ubytovat rodinn\u00e9 p\u0159\u00edslu\u0161n\u00edky ani dom\u00e1c\u00ed zv\u00ed\u0159ata.<br><br><strong>\u00da\u010dastnick\u00fd poplatek<\/strong> (bez ubytov\u00e1n\u00ed a stravov\u00e1n\u00ed): 5 000,- K\u010d; . Platit je mo\u017en\u00e9 p\u0159evodem na \u00fa\u010det (viz formul\u00e1\u0159 p\u0159ihl\u00e1\u0161ky), p\u0159\u00edpadn\u011b v hotovosti na kurzu; stornopoplatky v\u017edy p\u0159evodem.<br><br><strong>Stornopoplatky<\/strong>:<br>P\u0159i od\u0159eknut\u00ed 7 dn\u00ed p\u0159ed za\u010d\u00e1tkem kurzu po\u017eadujeme uhradit stornopoplatek na \u00fa\u010det PSIN z.s. (2702987064\/2010), do zpr\u00e1vy pro p\u0159\u00edjemce uve\u010fte sv\u00e9 jm\u00e9no a p\u0159\u00edjmen\u00ed, stornopoplatek v\u00a0p\u0159\u00edpad\u011b t\u00fddenn\u00edho kurzu \u010din\u00ed 1 000,- K\u010d; v p\u0159\u00edpad\u011b v\u00edkendu \u010din\u00ed 500,- K\u010d.<br><\/p>\n","protected":false},"excerpt":{"rendered":"<p>Pokyny k p\u0159ihl\u00e1\u0161en\u00ed na str\u00e1nky:K prvn\u00edmu p\u0159ihl\u00e1\u0161en\u00ed je nutno nejprve se zaregistrovat (volba Registrace); pro registrov\u00e1n\u00ed si zvol\u00edte heslo (kdy\u017e zapomenete, nic se ned\u011bje &#8211; syst\u00e9m v\u00e1m po\u0161le nov\u00e9, to si pak zase m\u016f\u017eete zm\u011bnit). Vz\u00e1p\u011bt\u00ed dostanete na svou e-mailovou adresu zpr\u00e1vu, na kterou jen kliknete a jste zaregistrov\u00e1ni. \u00dadaje, kter\u00e9 p\u0159i registraci zad\u00e1te (v\u010detn\u011b&hellip; <a class=\"more-link\" href=\"https:\/\/jajsemja.cz\/wordpress\/?page_id=4\">Pokra\u010dovat ve\u00a0\u010dten\u00ed <span class=\"screen-reader-text\">V\u0161eobecn\u00e9 informace<\/span><\/a><\/p>\n","protected":false},"author":1,"featured_media":0,"parent":0,"menu_order":0,"comment_status":"closed","ping_status":"open","template":"","meta":{"footnotes":""},"class_list":["post-4","page","type-page","status-publish","hentry","entry"],"_links":{"self":[{"href":"https:\/\/jajsemja.cz\/wordpress\/index.php?rest_route=\/wp\/v2\/pages\/4","targetHints":{"allow":["GET"]}}],"collection":[{"href":"https:\/\/jajsemja.cz\/wordpress\/index.php?rest_route=\/wp\/v2\/pages"}],"about":[{"href":"https:\/\/jajsemja.cz\/wordpress\/index.php?rest_route=\/wp\/v2\/types\/page"}],"author":[{"embeddable":true,"href":"https:\/\/jajsemja.cz\/wordpress\/index.php?rest_route=\/wp\/v2\/users\/1"}],"replies":[{"embeddable":true,"href":"https:\/\/jajsemja.cz\/wordpress\/index.php?rest_route=%2Fwp%2Fv2%2Fcomments&post=4"}],"version-history":[{"count":6,"href":"https:\/\/jajsemja.cz\/wordpress\/index.php?rest_route=\/wp\/v2\/pages\/4\/revisions"}],"predecessor-version":[{"id":184,"href":"https:\/\/jajsemja.cz\/wordpress\/index.php?rest_route=\/wp\/v2\/pages\/4\/revisions\/184"}],"wp:attachment":[{"href":"https:\/\/jajsemja.cz\/wordpress\/index.php?rest_route=%2Fwp%2Fv2%2Fmedia&parent=4"}],"curies":[{"name":"wp","href":"https:\/\/api.w.org\/{rel}","templated":true}]}}