{"id":7,"date":"2020-12-19T11:20:33","date_gmt":"2020-12-19T10:20:33","guid":{"rendered":"http:\/\/253675.w75.wedos.ws\/wordpress\/?page_id=7"},"modified":"2026-04-05T15:54:54","modified_gmt":"2026-04-05T13:54:54","slug":"create-your-website-with-blocks","status":"publish","type":"page","link":"https:\/\/jajsemja.cz\/wordpress\/","title":{"rendered":"Dom\u016f"},"content":{"rendered":"\n<h1 class=\"wp-block-heading alignwide has-text-align-wide\" style=\"font-size:60px;line-height:0.9\">Psychoterapeutick\u00fd institut,<\/h1>\n\n\n\n<h1 class=\"wp-block-heading alignwide has-text-align-wide\" style=\"font-size:60px;line-height:0.9\">zapsan\u00fd spolek<\/h1>\n\n\n\n<p><\/p>\n\n\n\n<p><\/p>\n\n\n\n<div class=\"wp-block-columns alignwide are-vertically-aligned-top is-layout-flex wp-container-core-columns-is-layout-9d6595d7 wp-block-columns-is-layout-flex\">\n<div class=\"wp-block-column is-vertically-aligned-top is-layout-flow wp-block-column-is-layout-flow\">\n<div class=\"wp-block-group\"><div class=\"wp-block-group__inner-container is-layout-flow wp-block-group-is-layout-flow\">\n<h3 class=\"wp-block-heading\">O n\u00e1s<\/h3>\n\n\n\n<p><strong>Psychoterapeutick\u00fd institut z.s.<\/strong><br>Identifika\u010dn\u00ed \u010d\u00edslo: 75099161<br>Spisov\u00e1 zna\u010dka: L 21489 veden\u00e1 u Krajsk\u00e9ho soudu v Brn\u011b<br><strong>S\u00eddlo spole\u010dnosti:&nbsp;<\/strong><br>Ml\u00fdnsk\u00e1 496\/58, 691 46 Ladn\u00e1<br><strong>\u010c\u00edslo \u00fa\u010dtu:<\/strong> 2702987064\/2010<\/p>\n<\/div><\/div>\n<\/div>\n\n\n\n<div class=\"wp-block-column is-vertically-aligned-top is-layout-flow wp-block-column-is-layout-flow\">\n<h3 class=\"wp-block-heading\">V\u00fdcvik<\/h3>\n\n\n\n<p>V\u00fdcvik v Integrovan\u00e9 psychoterapii (Knobloch, Knoblochov\u00e1) nov\u011b z\u00edskal akreditaci \u010cAP (osv\u011bd\u010den\u00ed \u010d. 055, s platnost\u00ed pro obdob\u00ed b\u0159ezen 2026 &#8211; b\u0159ezen 2033)<strong><em>.<\/em><\/strong><\/p>\n\n\n\n<p>P\u0159ij\u00edmac\u00ed t\u00fdden prob\u011bhne ji\u017e v polovin\u011b kv\u011btna. P\u0159ihl\u00e1\u0161ky a \u017eivotopisy je mo\u017en\u00e9 zas\u00edlat do konce dubna.<\/p>\n\n\n\n<p>Dotazy a p\u0159ihl\u00e1\u0161ky k nov\u00e9mu v\u00fdcviku zas\u00edlejte na: terapie.kores(@)gmail.com<\/p>\n\n\n\n<p>Na\u0161e kurzy jsou akreditov\u00e1ny MPSV ve vzd\u011bl\u00e1vac\u00edm programu <strong>A2022\/0255-SP<\/strong> podle \u00a7 117a odst.1 z\u00e1kona \u010d. 108\/2006 Sb.<br>\u00da\u010dastn\u00edci v\u0161ech kurz\u016f dost\u00e1vaj\u00ed potvrzen\u00ed pro soci\u00e1ln\u00ed pracovnice\/n\u00edky na 16 hodin (ze 24 povinn\u00fdch) dal\u0161\u00edho vzd\u011bl\u00e1v\u00e1n\u00ed dle z\u00e1k. 108\/2006 Sb.&nbsp;<\/p>\n<\/div>\n\n\n\n<div class=\"wp-block-column is-vertically-aligned-top is-layout-flow wp-block-column-is-layout-flow\">\n<h3 class=\"wp-block-heading\">Kontakt<\/h3>\n\n\n\n<p style=\"line-height:1.5\"><strong>Psychoterapeutick\u00fd institut z.s.<br><\/strong>Ml\u00fdnsk\u00e1 496\/58,<br>691 46 Ladn\u00e1<br>I\u010cO 75099161<br><br><strong>\u010clenov\u00e9 v\u00fdboru spolku:<br><\/strong>Alois K\u0159i\u0161\u0165an<br>kristan(@)tf.jcu.cz<br><br>Ji\u0159\u00ed Kore\u0161<br>terapie.kores(@)gmail.com<br><br>Josef Pochyl\u00fd<br>psin21(@)psin.cz<br><br><strong>\u00da\u010detn\u00ed administrativa:<br><\/strong>Josef Pochyl\u00fd<\/p>\n<\/div>\n<\/div>\n\n\n\n<p><\/p>\n","protected":false},"excerpt":{"rendered":"<p>Psychoterapeutick\u00fd institut, zapsan\u00fd spolek O n\u00e1s Psychoterapeutick\u00fd institut z.s.Identifika\u010dn\u00ed \u010d\u00edslo: 75099161Spisov\u00e1 zna\u010dka: L 21489 veden\u00e1 u Krajsk\u00e9ho soudu v Brn\u011bS\u00eddlo spole\u010dnosti:&nbsp;Ml\u00fdnsk\u00e1 496\/58, 691 46 Ladn\u00e1\u010c\u00edslo \u00fa\u010dtu: 2702987064\/2010 V\u00fdcvik V\u00fdcvik v Integrovan\u00e9 psychoterapii (Knobloch, Knoblochov\u00e1) nov\u011b z\u00edskal akreditaci \u010cAP (osv\u011bd\u010den\u00ed \u010d. 055, s platnost\u00ed pro obdob\u00ed b\u0159ezen 2026 &#8211; b\u0159ezen 2033). P\u0159ij\u00edmac\u00ed t\u00fdden prob\u011bhne ji\u017e v&hellip; <a class=\"more-link\" href=\"https:\/\/jajsemja.cz\/wordpress\/\">Pokra\u010dovat ve\u00a0\u010dten\u00ed <span class=\"screen-reader-text\">Dom\u016f<\/span><\/a><\/p>\n","protected":false},"author":1,"featured_media":0,"parent":0,"menu_order":0,"comment_status":"closed","ping_status":"closed","template":"","meta":{"footnotes":""},"class_list":["post-7","page","type-page","status-publish","hentry","entry"],"_links":{"self":[{"href":"https:\/\/jajsemja.cz\/wordpress\/index.php?rest_route=\/wp\/v2\/pages\/7","targetHints":{"allow":["GET"]}}],"collection":[{"href":"https:\/\/jajsemja.cz\/wordpress\/index.php?rest_route=\/wp\/v2\/pages"}],"about":[{"href":"https:\/\/jajsemja.cz\/wordpress\/index.php?rest_route=\/wp\/v2\/types\/page"}],"author":[{"embeddable":true,"href":"https:\/\/jajsemja.cz\/wordpress\/index.php?rest_route=\/wp\/v2\/users\/1"}],"replies":[{"embeddable":true,"href":"https:\/\/jajsemja.cz\/wordpress\/index.php?rest_route=%2Fwp%2Fv2%2Fcomments&post=7"}],"version-history":[{"count":25,"href":"https:\/\/jajsemja.cz\/wordpress\/index.php?rest_route=\/wp\/v2\/pages\/7\/revisions"}],"predecessor-version":[{"id":179,"href":"https:\/\/jajsemja.cz\/wordpress\/index.php?rest_route=\/wp\/v2\/pages\/7\/revisions\/179"}],"wp:attachment":[{"href":"https:\/\/jajsemja.cz\/wordpress\/index.php?rest_route=%2Fwp%2Fv2%2Fmedia&parent=7"}],"curies":[{"name":"wp","href":"https:\/\/api.w.org\/{rel}","templated":true}]}}

Domů

<h1 class="wp-block-heading alignwide has-text-align-wide" style="font-size:60px;line-height:0.9">Psychoterapeutický institut,</h1>



<h1 class="wp-block-heading alignwide has-text-align-wide" style="font-size:60px;line-height:0.9">zapsaný spolek</h1>



<p></p>



<p></p>



<div class="wp-block-columns alignwide are-vertically-aligned-top is-layout-flex wp-container-core-columns-is-layout-9d6595d7 wp-block-columns-is-layout-flex">
<div class="wp-block-column is-vertically-aligned-top is-layout-flow wp-block-column-is-layout-flow">
<div class="wp-block-group"><div class="wp-block-group__inner-container is-layout-flow wp-block-group-is-layout-flow">
<h3 class="wp-block-heading">O nás</h3>



<p><strong>Psychoterapeutický institut z.s.</strong><br>Identifikační číslo: 75099161<br>Spisová značka: L 21489 vedená u Krajského soudu v Brně<br><strong>Sídlo společnosti:&nbsp;</strong><br>Mlýnská 496/58, 691 46 Ladná<br><strong>Číslo účtu:</strong> 2702987064/2010</p>
</div></div>
</div>



<div class="wp-block-column is-vertically-aligned-top is-layout-flow wp-block-column-is-layout-flow">
<h3 class="wp-block-heading">Výcvik</h3>



<p>Výcvik v Integrované psychoterapii (Knobloch, Knoblochová) nově získal akreditaci ČAP (osvědčení č. 055, s platností pro období březen 2026 &#8211; březen 2033)<strong><em>.</em></strong></p>



<p>Přijímací týden proběhne již v polovině května. Přihlášky a životopisy je možné zasílat do konce dubna.</p>



<p>Dotazy a přihlášky k novému výcviku zasílejte na: terapie.kores(@)gmail.com</p>



<p>Naše kurzy jsou akreditovány MPSV ve vzdělávacím programu <strong>A2022/0255-SP</strong> podle § 117a odst.1 zákona č. 108/2006 Sb.<br>Účastníci všech kurzů dostávají potvrzení pro sociální pracovnice/níky na 16 hodin (ze 24 povinných) dalšího vzdělávání dle zák. 108/2006 Sb.&nbsp;</p>
</div>



<div class="wp-block-column is-vertically-aligned-top is-layout-flow wp-block-column-is-layout-flow">
<h3 class="wp-block-heading">Kontakt</h3>



<p style="line-height:1.5"><strong>Psychoterapeutický institut z.s.<br></strong>Mlýnská 496/58,<br>691 46 Ladná<br>IČO 75099161<br><br><strong>Členové výboru spolku:<br></strong>Alois Křišťan<br>kristan(@)tf.jcu.cz<br><br>Jiří Koreš<br>terapie.kores(@)gmail.com<br><br>Josef Pochylý<br>psin21(@)psin.cz<br><br><strong>Účetní administrativa:<br></strong>Josef Pochylý</p>
</div>
</div>



<p></p>

<p>Psychoterapeutický institut, zapsaný spolek O nás Psychoterapeutický institut z.s.Identifikační číslo: 75099161Spisová značka: L 21489 vedená u Krajského soudu v BrněSídlo společnosti:&nbsp;Mlýnská 496/58, 691 46 LadnáČíslo účtu: 2702987064/2010 Výcvik Výcvik v Integrované psychoterapii (Knobloch, Knoblochová) nově získal akreditaci ČAP (osvědčení č. 055, s platností pro období březen 2026 &#8211; březen 2033). Přijímací týden proběhne již v&hellip; <a class="more-link" href="https://jajsemja.cz/wordpress/">Pokračovat ve čtení <span class="screen-reader-text">Domů</span></a></p>
