{"id":8,"date":"2020-12-19T11:20:33","date_gmt":"2020-12-19T10:20:33","guid":{"rendered":"http:\/\/253675.w75.wedos.ws\/wordpress\/?page_id=8"},"modified":"2021-01-02T18:02:05","modified_gmt":"2021-01-02T17:02:05","slug":"about","status":"publish","type":"page","link":"https:\/\/jajsemja.cz\/wordpress\/?page_id=8","title":{"rendered":"N\u00e1\u0161 t\u00fdm"},"content":{"rendered":"\n<p><strong>Dr. Ing. ALOIS&nbsp; K\u0158I\u0160\u0164AN, Th.D.<\/strong><br>Absolvent \u010cVUT v&nbsp;Praze, d\u00e1le ukon\u010dil studium filosofie a teologie na Bohosloveck\u00e9 u\u010dili\u0161ti Salesi\u00e1nsk\u00e9 inspektorie sv. Jana Boska a n\u00e1sledn\u011b ukon\u010dil doktorsk\u00fd studijn\u00ed program Teologie na Cyrilometod\u011bjsk\u00e9 teologick\u00e9 fakult\u011b Univerzity Palack\u00e9ho v&nbsp;Olomouci. V&nbsp;letech 2002 a\u017e 2007 absolvoval psychoterapeutick\u00fd v\u00fdcvik v Integrovan\u00e9 psychoterapii (INCIP \u2013 \u010cesk\u00fd Krumlov a Krom\u011b\u0159\u00ed\u017e). Je \u010dlenem \u010cesk\u00e9 asociace pro psychoterapii, jako profesn\u00ed asociace psychoterapeut\u016f v \u010cR.<br>Pracuje jako \u0159editel Vy\u0161\u0161\u00ed odborn\u00e9 \u0161koly soci\u00e1ln\u011b pedagogick\u00e9 a teologick\u00e9 \u2013 Jabok a sou\u010dasn\u011b jako odborn\u00fd asistent na Teologick\u00e9 fakult\u011b Jiho\u010desk\u00e9 univerzity.<br><br><strong>Mgr. PETRA &nbsp;MANDINCOV\u00c1, Ph.D. (roz. Jane\u010dkov\u00e1)<br><\/strong>Absolventka jednooborov\u00e9 psychologie, FF, Univerzita Palack\u00e9ho Olomouc. Psychoterapeutka integrovan\u00e9 psychoterapie (prof. Knobloch) \u2013 v\u00fdcvik akreditovan\u00fd MZ \u010cR. Ukon\u010dila specializaci v klinick\u00e9 psychologii a v d\u011btsk\u00e9 klinick\u00e9 psychologii, IPVZ Praha. Pracuje jako odborn\u00e1 asistentka na Univerzit\u011b Tom\u00e1\u0161e Bati Zl\u00edn, Fakulta managementu a ekonomiky a sou\u010dasn\u011b provozuje soukromou psychologickou ordinaci ve Zl\u00edn\u011b jako klinick\u00e1 psycholo\u017eka a psychoterapeutka.<br><\/p>\n\n\n\n<p><strong>Mgr. JOSEF &nbsp;POCHYL\u00dd<br><\/strong>Absolvent Pedagogick\u00e9 fakulty MU Brno, v&nbsp;roce 2003 ukon\u010dil v\u00fdcvik Integrovan\u00e9 psychoterapie u prof. MUDr. Ferdinanda Knoblocha, CSc., F.R.C.P (Canada)<br>Od roku 2000 pracuje v r\u016fzn\u00fdch pozic\u00edch jako pedagog, \u0161koln\u00ed psycholog a v\u00fdchovn\u00fd poradce na Gymn\u00e1ziu v B\u0159eclavi.<br>Od \u010dervna 2006 p\u016fsob\u00ed v oblasti Internetov\u00e9ho poradenstv\u00ed pro oblast n\u00e1vykov\u00fdch l\u00e1tek a du\u0161evn\u00edho zdrav\u00ed.<br>Od prosince 2017 je \u010dlenem \u010cesk\u00e9 asociace pro psychoterapii, jako profesn\u00ed asociace psychoterapeut\u016f v \u010cR.<br>V obdob\u00ed 2003 a\u017e 2008 p\u016fsobil jako terapeut v kurzech aktivn\u00edho sebepozn\u00e1v\u00e1n\u00ed, kter\u00e9 prob\u00edhaly pod z\u00e1\u0161titou spole\u010dnosti INCIP Krom\u011b\u0159\u00ed\u017e v Lednici na Morav\u011b.<br>Od roku 2010 spolupracuje jako terapeut v akreditovan\u00fdch v\u00fdcvikov\u00fdch kurzech spole\u010dnosti PSIN, z.s.<br>P\u016fsob\u00ed jako vedouc\u00ed projektu Dobrovoln\u00edci pro Nemocnici B\u0159eclav, kterou zaji\u0161\u0165uje obecn\u011b prosp\u011b\u0161n\u00e1 spole\u010dnost GENA-G. V tomto projektu zaji\u0161\u0165uje supervizi dobrovoln\u00edk\u016f a sou\u010dasn\u011b p\u016fsob\u00ed jako lektor pro dobrovoln\u00edky.<br><br><strong>Mgr. VLADIM\u00cdRA&nbsp; STRAKOV\u00c1<br><\/strong>Absolvovala jednooborovou psychologii na FF UP v Olomouci. Zam\u011b\u0159uje se p\u0159edev\u0161\u00edm na individu\u00e1ln\u00ed a skupinovou psychoterapii a krizovou intervenci. Absolvovala p\u011btilet\u00fd skupinov\u00fd sebezku\u0161enostn\u00ed psychoterapeutick\u00fd v\u00fdcvik Integrovan\u00e9 psychoterapie Knobloch; d\u00e1le pak \u0159adu d\u00edl\u010d\u00edch v\u00fdcvik\u016f. Sv\u00e9 zku\u0161enosti p\u0159i pr\u00e1ci s dosp\u011bl\u00fdmi \u010derp\u00e1 jak ze spolupr\u00e1ce s tr\u00e9ninkovou spole\u010dnost\u00ed TAL, zam\u011b\u0159uj\u00edc\u00ed se na soft-skills a kou\u010dov\u00e1n\u00ed mana\u017eer\u016f, tak z n\u011bkolikalet\u00e9 pr\u00e1ce v klinick\u00e9 psychologii \u2013 PL Kosmonosy, PL Bohnice, Centrum krizov\u00e9 intervence. V\u00edce o mn\u011b najdete <a href=\"https:\/\/www.terapiezdomova.cz\/psycholog-a-terapie-online\/\">zde<\/a>.<\/p>\n\n\n\n<p><strong>MUDr.&nbsp; MIROSLAV&nbsp; NOREK<br><\/strong>Absolvent UK Praha, L\u00e9ka\u0159sk\u00e9 fakulty v&nbsp;Plzni a od roku 2009 pracuje v&nbsp;psychiatrick\u00e9 ambulanci v&nbsp;\u010cesk\u00fdch Bud\u011bjovic\u00edch. Od roku 2006 p\u016fsob\u00ed jako lektor Integrovan\u00e9 psychoterapii. Je \u010dlenem \u010cesk\u00e9 l\u00e9ka\u0159sk\u00e9 komory a \u010cesk\u00e9 psychoterapeutick\u00e9 spole\u010dnosti \u010cesk\u00e9 l\u00e9ka\u0159sk\u00e9 spole\u010dnosti J.E. Purkyn\u011b.<br><br><strong>PhDr. LENKA&nbsp; KLEP\u00c1\u010cKOV\u00c1<br><\/strong>Absolventka jednooborov\u00e9 psychologie na FF UP v&nbsp;Olomouci a terapeutka Integrovan\u00e9 psychoterapie. Pracuje jako klinick\u00e1 psycholo\u017eka ve spole\u010dnosti Sdru\u017een\u00ed ozdravoven a l\u00e9\u010deben okresu Trutnov (SOL). Sou\u010dasn\u011b m\u00e1 ordinaci klinick\u00e9 psychologie pro dosp\u011bl\u00e9 pro n\u00e1sleduj\u00edc\u00ed oblasti: systematick\u00e1 psychoterapie individu\u00e1ln\u00ed, p\u00e1rov\u00e1 a rodinn\u00e1, psychologick\u00e9 poradenstv\u00ed, neodkladn\u00e1 p\u00e9\u010de v p\u0159\u00edpad\u011b akutn\u00edch psychick\u00fdch kriz\u00ed a traumat, psychologick\u00e1 diagnostika a dal\u0161\u00ed.<br><br><strong>Mgr.&nbsp; NOEMI&nbsp; KOMRSKOV\u00c1<\/strong><br>Absolventka Univerzity Komensk\u00e9ho v&nbsp;Bratislav\u011b v&nbsp;oboru L\u00e9\u010debn\u00e1 pedagogika \u2013 terapeutick\u00fd sm\u011br, supervizorka Rozvojov\u00e9 supervize a terapeutka Integrovan\u00e9 psychoterapie. V&nbsp;sou\u010dasn\u00e9 dob\u011b pracuje terapeutka a supervizorka v Diakonii C\u00edrkve bratrsk\u00e9.<br><strong><br>Mgr. KATE\u0158INA&nbsp; V\u00c1VROV\u00c1, Ph.D.<br><\/strong>Terapeutka IP<br>M\u00e1 soukromou psychoterapeutickou praxi, kde se v\u011bnuje dosp\u011bl\u00fdm klient\u016fm.<br>V letech 2018-2020 p\u016fsobila jako terapeutka v Pobo\u010dce Diakonie C\u00edrkve bratrsk\u00e9 v Brn\u011b. Vystudovala u\u010ditelstv\u00ed na PdF MU. B\u011bhem doktorsk\u00e9ho studia na FF MU se v\u011bnovala p\u0159edev\u0161\u00edm interpretaci liter\u00e1rn\u00edho d\u00edla. Tato kombinace j\u00ed v terapeutick\u00e9 pr\u00e1ci d\u00e1v\u00e1 mo\u017enost snad l\u00e9pe porozum\u011bt nonverb\u00e1ln\u00edmu vyjad\u0159ov\u00e1n\u00ed, um\u011bleck\u00e9mu jazyku, symboli\u010dnosti \u010di je dobr\u00fdm n\u00e1strojem p\u0159i rozboru sn\u016f.<br>V\u00fdcvik v Integrovan\u00e9 psychoterapii ukon\u010dila roku 2018 a od roku 2019 je \u010dlenkou \u010cesk\u00e9 asociace pro psychoterapii.<br><\/p>\n","protected":false},"excerpt":{"rendered":"<p>Dr. Ing. ALOIS&nbsp; K\u0158I\u0160\u0164AN, Th.D.Absolvent \u010cVUT v&nbsp;Praze, d\u00e1le ukon\u010dil studium filosofie a teologie na Bohosloveck\u00e9 u\u010dili\u0161ti Salesi\u00e1nsk\u00e9 inspektorie sv. Jana Boska a n\u00e1sledn\u011b ukon\u010dil doktorsk\u00fd studijn\u00ed program Teologie na Cyrilometod\u011bjsk\u00e9 teologick\u00e9 fakult\u011b Univerzity Palack\u00e9ho v&nbsp;Olomouci. V&nbsp;letech 2002 a\u017e 2007 absolvoval psychoterapeutick\u00fd v\u00fdcvik v Integrovan\u00e9 psychoterapii (INCIP \u2013 \u010cesk\u00fd Krumlov a Krom\u011b\u0159\u00ed\u017e). Je \u010dlenem \u010cesk\u00e9 asociace&hellip; <a class=\"more-link\" href=\"https:\/\/jajsemja.cz\/wordpress\/?page_id=8\">Pokra\u010dovat ve\u00a0\u010dten\u00ed <span class=\"screen-reader-text\">N\u00e1\u0161 t\u00fdm<\/span><\/a><\/p>\n","protected":false},"author":1,"featured_media":0,"parent":0,"menu_order":0,"comment_status":"closed","ping_status":"closed","template":"","meta":{"footnotes":""},"class_list":["post-8","page","type-page","status-publish","hentry","entry"],"_links":{"self":[{"href":"https:\/\/jajsemja.cz\/wordpress\/index.php?rest_route=\/wp\/v2\/pages\/8","targetHints":{"allow":["GET"]}}],"collection":[{"href":"https:\/\/jajsemja.cz\/wordpress\/index.php?rest_route=\/wp\/v2\/pages"}],"about":[{"href":"https:\/\/jajsemja.cz\/wordpress\/index.php?rest_route=\/wp\/v2\/types\/page"}],"author":[{"embeddable":true,"href":"https:\/\/jajsemja.cz\/wordpress\/index.php?rest_route=\/wp\/v2\/users\/1"}],"replies":[{"embeddable":true,"href":"https:\/\/jajsemja.cz\/wordpress\/index.php?rest_route=%2Fwp%2Fv2%2Fcomments&post=8"}],"version-history":[{"count":6,"href":"https:\/\/jajsemja.cz\/wordpress\/index.php?rest_route=\/wp\/v2\/pages\/8\/revisions"}],"predecessor-version":[{"id":153,"href":"https:\/\/jajsemja.cz\/wordpress\/index.php?rest_route=\/wp\/v2\/pages\/8\/revisions\/153"}],"wp:attachment":[{"href":"https:\/\/jajsemja.cz\/wordpress\/index.php?rest_route=%2Fwp%2Fv2%2Fmedia&parent=8"}],"curies":[{"name":"wp","href":"https:\/\/api.w.org\/{rel}","templated":true}]}}

Náš tým

<p><strong>Dr. Ing. ALOIS&nbsp; KŘIŠŤAN, Th.D.</strong><br>Absolvent ČVUT v&nbsp;Praze, dále ukončil studium filosofie a teologie na Bohoslovecké učilišti Salesiánské inspektorie sv. Jana Boska a následně ukončil doktorský studijní program Teologie na Cyrilometodějské teologické fakultě Univerzity Palackého v&nbsp;Olomouci. V&nbsp;letech 2002 až 2007 absolvoval psychoterapeutický výcvik v Integrované psychoterapii (INCIP – Český Krumlov a Kroměříž). Je členem České asociace pro psychoterapii, jako profesní asociace psychoterapeutů v ČR.<br>Pracuje jako ředitel Vyšší odborné školy sociálně pedagogické a teologické – Jabok a současně jako odborný asistent na Teologické fakultě Jihočeské univerzity.<br><br><strong>Mgr. PETRA &nbsp;MANDINCOVÁ, Ph.D. (roz. Janečková)<br></strong>Absolventka jednooborové psychologie, FF, Univerzita Palackého Olomouc. Psychoterapeutka integrované psychoterapie (prof. Knobloch) – výcvik akreditovaný MZ ČR. Ukončila specializaci v klinické psychologii a v dětské klinické psychologii, IPVZ Praha. Pracuje jako odborná asistentka na Univerzitě Tomáše Bati Zlín, Fakulta managementu a ekonomiky a současně provozuje soukromou psychologickou ordinaci ve Zlíně jako klinická psycholožka a psychoterapeutka.<br></p>



<p><strong>Mgr. JOSEF &nbsp;POCHYLÝ<br></strong>Absolvent Pedagogické fakulty MU Brno, v&nbsp;roce 2003 ukončil výcvik Integrované psychoterapie u prof. MUDr. Ferdinanda Knoblocha, CSc., F.R.C.P (Canada)<br>Od roku 2000 pracuje v různých pozicích jako pedagog, školní psycholog a výchovný poradce na Gymnáziu v Břeclavi.<br>Od června 2006 působí v oblasti Internetového poradenství pro oblast návykových látek a duševního zdraví.<br>Od prosince 2017 je členem České asociace pro psychoterapii, jako profesní asociace psychoterapeutů v ČR.<br>V období 2003 až 2008 působil jako terapeut v kurzech aktivního sebepoznávání, které probíhaly pod záštitou společnosti INCIP Kroměříž v Lednici na Moravě.<br>Od roku 2010 spolupracuje jako terapeut v akreditovaných výcvikových kurzech společnosti PSIN, z.s.<br>Působí jako vedoucí projektu Dobrovolníci pro Nemocnici Břeclav, kterou zajišťuje obecně prospěšná společnost GENA-G. V tomto projektu zajišťuje supervizi dobrovolníků a současně působí jako lektor pro dobrovolníky.<br><br><strong>Mgr. VLADIMÍRA&nbsp; STRAKOVÁ<br></strong>Absolvovala jednooborovou psychologii na FF UP v Olomouci. Zaměřuje se především na individuální a skupinovou psychoterapii a krizovou intervenci. Absolvovala pětiletý skupinový sebezkušenostní psychoterapeutický výcvik Integrované psychoterapie Knobloch; dále pak řadu dílčích výcviků. Své zkušenosti při práci s dospělými čerpá jak ze spolupráce s tréninkovou společností TAL, zaměřující se na soft-skills a koučování manažerů, tak z několikaleté práce v klinické psychologii – PL Kosmonosy, PL Bohnice, Centrum krizové intervence. Více o mně najdete <a href="https://www.terapiezdomova.cz/psycholog-a-terapie-online/">zde</a>.</p>



<p><strong>MUDr.&nbsp; MIROSLAV&nbsp; NOREK<br></strong>Absolvent UK Praha, Lékařské fakulty v&nbsp;Plzni a od roku 2009 pracuje v&nbsp;psychiatrické ambulanci v&nbsp;Českých Budějovicích. Od roku 2006 působí jako lektor Integrované psychoterapii. Je členem České lékařské komory a České psychoterapeutické společnosti České lékařské společnosti J.E. Purkyně.<br><br><strong>PhDr. LENKA&nbsp; KLEPÁČKOVÁ<br></strong>Absolventka jednooborové psychologie na FF UP v&nbsp;Olomouci a terapeutka Integrované psychoterapie. Pracuje jako klinická psycholožka ve společnosti Sdružení ozdravoven a léčeben okresu Trutnov (SOL). Současně má ordinaci klinické psychologie pro dospělé pro následující oblasti: systematická psychoterapie individuální, párová a rodinná, psychologické poradenství, neodkladná péče v případě akutních psychických krizí a traumat, psychologická diagnostika a další.<br><br><strong>Mgr.&nbsp; NOEMI&nbsp; KOMRSKOVÁ</strong><br>Absolventka Univerzity Komenského v&nbsp;Bratislavě v&nbsp;oboru Léčebná pedagogika – terapeutický směr, supervizorka Rozvojové supervize a terapeutka Integrované psychoterapie. V&nbsp;současné době pracuje terapeutka a supervizorka v Diakonii Církve bratrské.<br><strong><br>Mgr. KATEŘINA&nbsp; VÁVROVÁ, Ph.D.<br></strong>Terapeutka IP<br>Má soukromou psychoterapeutickou praxi, kde se věnuje dospělým klientům.<br>V letech 2018-2020 působila jako terapeutka v Pobočce Diakonie Církve bratrské v Brně. Vystudovala učitelství na PdF MU. Během doktorského studia na FF MU se věnovala především interpretaci literárního díla. Tato kombinace jí v terapeutické práci dává možnost snad lépe porozumět nonverbálnímu vyjadřování, uměleckému jazyku, symboličnosti či je dobrým nástrojem při rozboru snů.<br>Výcvik v Integrované psychoterapii ukončila roku 2018 a od roku 2019 je členkou České asociace pro psychoterapii.<br></p>

<p>Dr. Ing. ALOIS&nbsp; KŘIŠŤAN, Th.D.Absolvent ČVUT v&nbsp;Praze, dále ukončil studium filosofie a teologie na Bohoslovecké učilišti Salesiánské inspektorie sv. Jana Boska a následně ukončil doktorský studijní program Teologie na Cyrilometodějské teologické fakultě Univerzity Palackého v&nbsp;Olomouci. V&nbsp;letech 2002 až 2007 absolvoval psychoterapeutický výcvik v Integrované psychoterapii (INCIP – Český Krumlov a Kroměříž). Je členem České asociace&hellip; <a class="more-link" href="https://jajsemja.cz/wordpress/?page_id=8">Pokračovat ve čtení <span class="screen-reader-text">Náš tým</span></a></p>
